s divided by y?
18
Let z be (2 - 1)/(9/531). Let r = z + -15. Let u(a) = a**2 + 3*a + 5. What is the remainder when r is divided by u(-5)?
14
Suppose 54 = -3*m - 2*q, -2*q = -2*m - 34 - 12. Let f = m - -28. What is the remainder when f is divided by 6?
2
Let a = -8 + 12. Suppose -2*r - 15 = -35. What is the remainder when r is divided by a?
2
Suppose -5*i = -29 - 21. What is the remainder when (1 - 0) + 3 - -13 is divided by i?
7
Let b = 183 - 160. Calculate the remainder when 44 is divided by b.
21
Suppose 68 = 5*y - 27. Calculate the remainder when y is divided by 4.
3
Suppose -h + 5 = -5. What is the remainder when 32 is divided by h?
2
Suppose -55 = -o - 17. Suppose 3*u - 5*u + 26 = 0. Calculate the remainder when o is divided by u.
12
Let v(k) = -52*k - 1. What is the remainder when v(-1) is divided by 13?
12
Suppose -9 = -z + 2*w, 3*w = -z + 4*w + 10. Calculate the remainder when 42 is divided by z.
9
Let v(l) = 12*l - 2. Let y be v(-1). Calculate the remainder when (-3)/21 + (-436)/y is divided by 16.
15
Let t be 3/9 - 51/(-9). Calculate the remainder when 3/2*32/t is divided by 3.
2
Suppose -4*r + 51 = -13. Let j = -16 + 25. What is the remainder when r is divided by j?
7
Suppose 0 = -12*r + 177 - 9. What is the remainder when 46 is divided by r?
4
Let m(i) = -i**2 - 7*i + 27. Calculate the remainder when m(-8) is divided by 8.
3
What is the remainder when 7 is divided by 3 + -1 + (0 + 12)/3?
1
Let v = 65 - 45. Calculate the remainder when 95 is divided by v.
15
Let s be 138/33 + (-6)/33. Suppose s*v = 439 - 19. Let b = 149 - v. What is the remainder when b is divided by 15?
14
Suppose 0 = 3*i - 7 - 5. Suppose j = -3*q + 14, j + 1 = -2*q + i*q. Calculate the remainder when j is divided by 3.
2
Let f = 153 - 64. Suppose -2*b - b - w + 73 = 0, 3*b - f = -5*w. Calculate the remainder when b is divided by 8.
7
Let g(c) = 5*c + 2 + c**2 - 4*c - 2*c. Let l be g(0). Calculate the remainder when 238/10 - l/(-10) is divided by 13.
11
Suppose -47 + 437 = 5*u. Calculate the remainder when u is divided by 27.
24
Suppose 3*k = -15, 3*s - 4*s + 2*k + 13 = 0. Suppose 0 = -5*a - 0*a + 25. Calculate the remainder when a is divided by s.
2
What is the remainder when -3 + (-32)/(-10) + 348/10 is divided by 25?
10
Let t = -22 + 16. Let h = t - -35. Calculate the remainder when h is divided by 15.
14
Let u = 6 + 0. Let x(i) = i**2 + 6*i + 5. Let j be x(-4). What is the remainder when 230/u + 1/j is divided by 20?
18
Let a = 148 - 80. What is the remainder when a is divided by 18?
14
Suppose -3*j = j. Suppose j = 2*o - 2 - 4. What is the remainder when 66/4 + o/6 is divided by 6?
5
Let f(t) = -3*t**3 + 2*t + 2. What is the remainder when 9 is divided by f(-1)?
0
Let y(m) = -10*m + 7. What is the remainder when y(-5) is divided by 20?
17
Suppose q - 13 = 6. Suppose m - 3*b - q = 0, m + 3*m = 4*b + 92. What is the remainder when m is divided by 7?
4
Suppose -6*p + 11*p - 290 = 0. What is the remainder when p is divided by 5?
3
Let i(s) = -s**3 + 10*s**2 + 4*s - 14. Let x be i(10). Suppose -2*f = -o + x, o + 2*f = 3*o - 54. Calculate the remainder when o is divided by 10.
8
Let v be (-12)/2*6/18. What is the remainder when (2 + -3 - v)*31 is divided by 8?
7
Let j = -63 + 106. Suppose 5*b = c - 2*c + 5, 5*c - b - 77 = 0. Calculate the remainder when j is divided by c.
13
Suppose 0 = 2*w + 3*u + 13, 4*u + 6 = -2*w - 6. Let y = 23 + w. Calculate the remainder when 28 is divided by y.
13
Let g(z) = -z**2 + 7*z + 7. Let a be g(8). What is the remainder when 32 is divided by a*((-3 - -1) + -15)?
15
Let i = 4 + -15. Let d = i - -15. Suppose -4*r + 4 = -d. Calculate the remainder when 2 is divided by r.
0
Suppose -23 = -3*b + 10. What is the remainder when 31 is divided by b?
9
What is the remainder when (-2)/(4 - 0)*-278 is divided by (5/4)/((-5)/(-140))?
34
Calculate the remainder when ((-204)/10)/(2/(-10)) is divided by 26.
24
Calculate the remainder when 4/12 + (-2)/6*-215 is divided by 15.
12
Suppose g - 5*g = s - 10, g = 3*s + 9. Suppose 0*k + 48 = g*k. What is the remainder when 47 is divided by k?
15
Let l be -1 + (-3 - -5) + -3. Let y be l/10 + 3/15. Calculate the remainder when 1/(-1 + y) + 29 is divided by 10.
8
Calculate the remainder when ((-184)/10)/((-2)/15) is divided by 35.
33
Let v(l) = 3*l - 30. Let d(q) = q - 10. Let i(k) = -7*d(k) + 2*v(k). Calculate the remainder when 7 is divided by i(6).
3
Suppose -3*i + 205 = -2*g, 11 = -3*g - 4. What is the remainder when i is divided by 33?
32
Suppose -y = -2*y - 4*p + 24, -5*y + 168 = -4*p. Suppose y = -2*g + 6*g - i, -7 = g - 4*i. What is the remainder when 35 is divided by g?
8
Suppose 2*q - 12 = -2, 0 = 5*a + 3*q - 50. What is the remainder when 13 is divided by a?
6
Let h(j) = -12*j - 10. Let n be -2*6*5/10. Calculate the remainder when h(n) is divided by 21.
20
Suppose 58 = -2*v + 3*v. Let m(o) = o**3 - 7*o**2 - 6*o - 1. What is the remainder when v is divided by m(8)?
13
Suppose -4*t + 144 = -4. Suppose 29 = g + 4*u, 0 = 4*g + 5*u - 3*u - 60. What is the remainder when t is divided by g?
11
Suppose 6*j - 3*j + 69 = 0. Let k = 38 - j. Calculate the remainder when k is divided by 16.
13
Suppose 0*b + 180 = 3*b. Let u = -6 - -9. Calculate the remainder when 10 is divided by (b/9)/5*u.
2
Let s(k) = -2*k - 2. Let p be s(8). What is the remainder when 11 is divided by 390/54 - (-4)/p?
4
Suppose -u - 29 + 84 = -3*m, 2*u - 2*m - 110 = 0. What is the remainder when u is divided by 14?
13
Let k(s) = s + 9. Let y = -17 + 23. Calculate the remainder when y is divided by k(-6).
0
Suppose -4*s + 3*w + 7 = 0, s - 4*w + 11 = w. Suppose 3*v + 8 = s*q, -4*v + 9*v - 3*q - 5 = 0. What is the remainder when 10*1*(-2 + 3) is divided by v?
2
Suppose 2*y = 5*q - 27, 4*q - 2*y - y - 23 = 0. Calculate the remainder when q is divided by 4.
1
Let q be 27/9 - (-1 + 1). Suppose 0*k - 3*w + 8 = k, -q*k + 2*w = -13. What is the remainder when 10 is divided by k?
0
Let w = 164 + -48. What is the remainder when w is divided by 13?
12
Let r(a) = -13*a + 1. Let j be r(3). Let s = 63 + j. What is the remainder when s is divided by 13?
12
Let t = 9 - -1. What is the remainder when 37 is divided by t?
7
Let v = -64 - -91. What is the remainder when v is divided by 15?
12
Let k(d) = d**2 - 7*d - 51. What is the remainder when k(12) is divided by 6?
3
Let c = -13 - -69. Let n = c - 28. Suppose 0 = -p - 3*k + 26, 2*p - 32 = 2*k + n. Calculate the remainder when p is divided by 10.
9
Suppose 2*x - 11 = x. Let k(o) = 3*o**2 - o + 2. Let z(h) = -3*h**2 + h - 1. Let v be z(1). Calculate the remainder when k(v) is divided by x.
10
Suppose 21 = -4*x + 7*x. Calculate the remainder when x is divided by 4.
3
Suppose -3*v + 3 = -2*v. Let f(m) = -5*m**3 + m + 12*m**v + 0*m - 2*m**2. What is the remainder when 16 is divided by f(1)?
4
Let x = 65 + -40. Suppose 2*z - 2*q = -5*q + 18, z - q = 9. What is the remainder when x is divided by z?
7
Suppose -4*j + 874 = 14. Suppose j = -3*h - 5*w, w - 411 = 5*h - 62. Let i = 110 + h. What is the remainder when i is divided by 14?
12
Calculate the remainder when 153 is divided by 3/2*(-176)/(-12).
21
Let k = 1 + 2. Let a = k + -3. Suppose -18 = -a*u - 3*u. What is the remainder when 16 is divided by u?
4
Let g = 13 - 3. Let s = g - 5. Calculate the remainder when s is divided by 3/(-1)*(-4)/6.
1
Suppose 5*u = 26 + 14. Let a = -65 + 86. What is the remainder when a is divided by u?
5
Suppose 22*o - 23*o + 18 = 0. Calculate the remainder when 107 is divided by o.
17
Let z(s) = -3*s. Let n = 107 + -34. Let o = -47 + n. Calculate the remainder when o is divided by z(-3).
8
Suppose -4*t = 3*c, 4*t = -t - 5*c - 5. Suppose -h - t = 0, -n + 18 = -0*n - 3*h. Calculate the remainder when 33 is divided by n.
6
Let x = 231 + -186. Calculate the remainder when x is divided by 17.
11
What is the remainder when -20*(3/2 - 2) is divided by 3?
1
Let b = 2 - -1. Suppose -26 = u - b*u. Calculate the remainder when 23 is divided by u.
10
Let j = 13 + -11. Suppose -3*a + 364 = 5*w + 63, 0 = -5*w - j*a + 299. What is the remainder when w is divided by 15?
14
Let h = 2 - -2. Suppose b = -h*b + 185. What is the remainder when b is divided by 13?
11
Suppose -38*o + 35*o = -117. Calculate the remainder when o is divided by 15.
9
Let d